{"id":1197,"date":"2024-04-27T13:23:46","date_gmt":"2024-04-27T11:23:46","guid":{"rendered":"https:\/\/www.kdsgn.de\/wp_innenraum\/?page_id=1197"},"modified":"2026-04-29T17:29:36","modified_gmt":"2026-04-29T17:29:36","slug":"dharma-gruppe","status":"publish","type":"page","link":"http:\/\/www.innenraum.net\/wp_innenraum\/meditation\/dharma-gruppe\/","title":{"rendered":"Dharma &#8211; Buddh. Weisheitslehren"},"content":{"rendered":"\n<div class=\"wp-block-columns is-layout-flex wp-container-core-columns-is-layout-28f84493 wp-block-columns-is-layout-flex\">\n<div class=\"wp-block-column is-layout-flow wp-block-column-is-layout-flow\" style=\"flex-basis:60%\">\n<p><\/p>\n\n\n\n<p>(Zur Zeit werden die Inhalte dieses Seminarangebots nur innerhalb der beiden VIPASSANA-Meditationsgruppen angeboten.) <\/p>\n\n\n\n<p>In Theorie und Praxis wird durch die Kernthemen der buddhistischen Weisheitslehren gef\u00fchrt.\u2028<\/p>\n\n\n\n<p>Diese Dharma-Inhalte sind fu\u0308r alle, die ihr Wissen und Verst\u00e4ndnis der wertvollen buddh. Weisheitslehren (dem Dharma), und durch die Meditationspraxis vertiefen m\u00f6chten.<\/p>\n\n\n\n<p>Durch den Prozess des gemeinsamen Erkundens und Praktizierens, sowie der Vertiefung der buddh. Geistesschulung, ist diese Gruppe ein Angebot an alle, die Buddhas Weg zu Gelassenheit, Gl\u00fcck, Ruhe und Frieden fundierter kennenlernen und praktizieren wollen.\u2028\u2028 <br>Wir widmen uns an jedem Treffen einem der vielen tiefgru\u0308ndigen Themen des Buddha-Dharma. Du erh\u00e4ltst Vortr\u00e4ge zu grundlegenden Darlegungen des Buddha und vertiefte Meditationsanweisungen (Samatha\/Vipassana, Metta und Tonglen).<br>Wir reflektieren Themen und u\u0308ben uns dabei in der &#8222;achtsamen Rede&#8220;.<br>Voraussetzung ist, dass du Interesse am Dharma mitbringst, bereits u\u0308ber ein wenig Meditationserfahrung verfu\u0308gst und bereit bist, auch regelm\u00e4\u00dfig zu Hause zu u\u0308ben. Du musst dich aber nicht unbedingt als &#8222;BuddhistIn&#8220; verstehen.<\/p>\n\n\n\n<p>Ich biete dir gerne ein unverbindliches Vorgespr\u00e4ch an, bei dem wir alle Fragen zur Teilnahme an den Vipassanagruppen, bzw. zu einem Seminarangebot zu diesen Inhalte kl\u00e4ren k\u00f6nnen.<br><\/p>\n\n\n\n<div class=\"wp-block-buttons is-layout-flex wp-block-buttons-is-layout-flex\"><\/div>\n<\/div>\n\n\n\n<div class=\"wp-block-column is-layout-flow wp-block-column-is-layout-flow\" style=\"flex-basis:40%\">\n<figure class=\"wp-block-image aligncenter size-full is-resized is-style-rounded is-style-rounded--1\"><img loading=\"lazy\" decoding=\"async\" width=\"1856\" height=\"1424\" src=\"http:\/\/www.innenraum.net\/wp_innenraum\/wp-content\/uploads\/IMG_7745-a-e1715079564492.jpg\" alt=\"\" class=\"wp-image-773\" style=\"width:356px;height:auto\" srcset=\"http:\/\/www.innenraum.net\/wp_innenraum\/wp-content\/uploads\/IMG_7745-a-e1715079564492.jpg 1856w, http:\/\/www.innenraum.net\/wp_innenraum\/wp-content\/uploads\/IMG_7745-a-e1715079564492-600x460.jpg 600w, http:\/\/www.innenraum.net\/wp_innenraum\/wp-content\/uploads\/IMG_7745-a-e1715079564492-768x589.jpg 768w, http:\/\/www.innenraum.net\/wp_innenraum\/wp-content\/uploads\/IMG_7745-a-e1715079564492-1536x1178.jpg 1536w\" sizes=\"auto, (max-width: 1856px) 100vw, 1856px\" \/><\/figure>\n\n\n\n<blockquote class=\"wp-block-quote is-layout-flow wp-block-quote-is-layout-flow\">\n<p>Wie der Bauer Wasser auf seine Felder lenkt,<\/p>\n\n\n\n<p>wie der Pfeilemacher seine Pfeile gl\u00e4ttet,&nbsp;<\/p>\n\n\n\n<p>wie der Zimmermann Holz behaut,<\/p>\n\n\n\n<p>so formt der Weise seinen Geist.<\/p>\n<cite>Dhammapada 80<\/cite><\/blockquote>\n<\/div>\n<\/div>\n\n\n\n<p><\/p>\n","protected":false},"excerpt":{"rendered":"<p>(Zur Zeit werden die Inhalte dieses Seminarangebots nur innerhalb der beiden VIPASSANA-Meditationsgruppen angeboten.) In Theorie und Praxis wird durch die Kernthemen der buddhistischen Weisheitslehren gef\u00fchrt.\u2028 Diese Dharma-Inhalte sind fu\u0308r alle, die ihr Wissen und Verst\u00e4ndnis der wertvollen buddh. Weisheitslehren (dem Dharma), und durch die Meditationspraxis vertiefen m\u00f6chten. Durch den Prozess des gemeinsamen Erkundens und Praktizierens, [&hellip;]<\/p>\n","protected":false},"author":1,"featured_media":884,"parent":1031,"menu_order":0,"comment_status":"closed","ping_status":"closed","template":"","meta":{"footnotes":""},"class_list":["post-1197","page","type-page","status-publish","has-post-thumbnail","hentry"],"aioseo_notices":[],"_links":{"self":[{"href":"http:\/\/www.innenraum.net\/wp_innenraum\/wp-json\/wp\/v2\/pages\/1197","targetHints":{"allow":["GET"]}}],"collection":[{"href":"http:\/\/www.innenraum.net\/wp_innenraum\/wp-json\/wp\/v2\/pages"}],"about":[{"href":"http:\/\/www.innenraum.net\/wp_innenraum\/wp-json\/wp\/v2\/types\/page"}],"author":[{"embeddable":true,"href":"http:\/\/www.innenraum.net\/wp_innenraum\/wp-json\/wp\/v2\/users\/1"}],"replies":[{"embeddable":true,"href":"http:\/\/www.innenraum.net\/wp_innenraum\/wp-json\/wp\/v2\/comments?post=1197"}],"version-history":[{"count":31,"href":"http:\/\/www.innenraum.net\/wp_innenraum\/wp-json\/wp\/v2\/pages\/1197\/revisions"}],"predecessor-version":[{"id":2068,"href":"http:\/\/www.innenraum.net\/wp_innenraum\/wp-json\/wp\/v2\/pages\/1197\/revisions\/2068"}],"up":[{"embeddable":true,"href":"http:\/\/www.innenraum.net\/wp_innenraum\/wp-json\/wp\/v2\/pages\/1031"}],"wp:featuredmedia":[{"embeddable":true,"href":"http:\/\/www.innenraum.net\/wp_innenraum\/wp-json\/wp\/v2\/media\/884"}],"wp:attachment":[{"href":"http:\/\/www.innenraum.net\/wp_innenraum\/wp-json\/wp\/v2\/media?parent=1197"}],"curies":[{"name":"wp","href":"https:\/\/api.w.org\/{rel}","templated":true}]}}

<div class="wp-block-columns is-layout-flex wp-container-core-columns-is-layout-28f84493 wp-block-columns-is-layout-flex">
<div class="wp-block-column is-layout-flow wp-block-column-is-layout-flow" style="flex-basis:60%">
<p></p>



<p>(Zur Zeit werden die Inhalte dieses Seminarangebots nur innerhalb der beiden VIPASSANA-Meditationsgruppen angeboten.) </p>



<p>In Theorie und Praxis wird durch die Kernthemen der buddhistischen Weisheitslehren geführt. </p>



<p>Diese Dharma-Inhalte sind für alle, die ihr Wissen und Verständnis der wertvollen buddh. Weisheitslehren (dem Dharma), und durch die Meditationspraxis vertiefen möchten.</p>



<p>Durch den Prozess des gemeinsamen Erkundens und Praktizierens, sowie der Vertiefung der buddh. Geistesschulung, ist diese Gruppe ein Angebot an alle, die Buddhas Weg zu Gelassenheit, Glück, Ruhe und Frieden fundierter kennenlernen und praktizieren wollen.   <br>Wir widmen uns an jedem Treffen einem der vielen tiefgründigen Themen des Buddha-Dharma. Du erhältst Vorträge zu grundlegenden Darlegungen des Buddha und vertiefte Meditationsanweisungen (Samatha/Vipassana, Metta und Tonglen).<br>Wir reflektieren Themen und üben uns dabei in der &#8222;achtsamen Rede&#8220;.<br>Voraussetzung ist, dass du Interesse am Dharma mitbringst, bereits über ein wenig Meditationserfahrung verfügst und bereit bist, auch regelmäßig zu Hause zu üben. Du musst dich aber nicht unbedingt als &#8222;BuddhistIn&#8220; verstehen.</p>



<p>Ich biete dir gerne ein unverbindliches Vorgespräch an, bei dem wir alle Fragen zur Teilnahme an den Vipassanagruppen, bzw. zu einem Seminarangebot zu diesen Inhalte klären können.<br></p>



<div class="wp-block-buttons is-layout-flex wp-block-buttons-is-layout-flex"></div>
</div>



<div class="wp-block-column is-layout-flow wp-block-column-is-layout-flow" style="flex-basis:40%">
<figure class="wp-block-image aligncenter size-full is-resized is-style-rounded is-style-rounded--1"><img loading="lazy" decoding="async" width="1856" height="1424" src="http://www.innenraum.net/wp_innenraum/wp-content/uploads/IMG_7745-a-e1715079564492.jpg" alt="" class="wp-image-773" style="width:356px;height:auto" srcset="http://www.innenraum.net/wp_innenraum/wp-content/uploads/IMG_7745-a-e1715079564492.jpg 1856w, http://www.innenraum.net/wp_innenraum/wp-content/uploads/IMG_7745-a-e1715079564492-600x460.jpg 600w, http://www.innenraum.net/wp_innenraum/wp-content/uploads/IMG_7745-a-e1715079564492-768x589.jpg 768w, http://www.innenraum.net/wp_innenraum/wp-content/uploads/IMG_7745-a-e1715079564492-1536x1178.jpg 1536w" sizes="auto, (max-width: 1856px) 100vw, 1856px" /></figure>



<blockquote class="wp-block-quote is-layout-flow wp-block-quote-is-layout-flow">
<p>Wie der Bauer Wasser auf seine Felder lenkt,</p>



<p>wie der Pfeilemacher seine Pfeile glättet,&nbsp;</p>



<p>wie der Zimmermann Holz behaut,</p>



<p>so formt der Weise seinen Geist.</p>
<cite>Dhammapada 80</cite></blockquote>
</div>
</div>



<p></p>

<p>(Zur Zeit werden die Inhalte dieses Seminarangebots nur innerhalb der beiden VIPASSANA-Meditationsgruppen angeboten.) In Theorie und Praxis wird durch die Kernthemen der buddhistischen Weisheitslehren geführt.  Diese Dharma-Inhalte sind für alle, die ihr Wissen und Verständnis der wertvollen buddh. Weisheitslehren (dem Dharma), und durch die Meditationspraxis vertiefen möchten. Durch den Prozess des gemeinsamen Erkundens und Praktizierens, [&hellip;]</p>
