{"id":1195,"date":"2024-04-27T13:22:10","date_gmt":"2024-04-27T11:22:10","guid":{"rendered":"https:\/\/www.kdsgn.de\/wp_innenraum\/?page_id=1195"},"modified":"2024-05-21T20:09:40","modified_gmt":"2024-05-21T20:09:40","slug":"vipassana-mediation","status":"publish","type":"page","link":"http:\/\/www.innenraum.net\/wp_innenraum\/meditation\/vipassana-mediation\/","title":{"rendered":"Vipassana-Mediation"},"content":{"rendered":"\n<h2 class=\"wp-block-heading\">Ruhe- und Einsichtsmeditation<\/h2>\n\n\n\n<div class=\"wp-block-columns is-layout-flex wp-container-core-columns-is-layout-28f84493 wp-block-columns-is-layout-flex\">\n<div class=\"wp-block-column is-layout-flow wp-block-column-is-layout-flow\" style=\"flex-basis:60%\">\n<p class=\"has-contrast-2-color has-text-color has-link-color has-large-font-size wp-elements-8d7cd356bba6cbabc47939540744699d\"><strong>Den Geist beruhigen &#8211; das Herz \u00f6ffnen<\/strong><\/p>\n\n\n\n<p>Vi-Passana &#8211; &#8222;Sehen wie die Dinge sind&#8220;. Grundlagen der Vipassana-Meditation sind das Satipatthanna-Sutta sowie das Anapanasati-Sutta.<\/p>\n\n\n\n<p>Seit vielen Jahren (seit 2005) gibt es im innenRaum zwei Vipassana-Gruppen: Eine <strong>Montagsabends- Gruppe,<\/strong> und eine<strong> Donnerstagsvormittags- Gruppe.<\/strong><\/p>\n\n\n\n<p>Diese Gruppen sind Orte der Begegnung, der Inspiration und der Entfaltung des eigenen Meditationsweges. Wir wollen uns darin \u00fcben, den Geist hin zu Ruhe (Samatha), Einsicht (Vipassana), Liebe, Mitgef\u00fchl und Gleichmut zu richten.<\/p>\n\n\n\n<p>Als Mitglied einer dieser beiden w\u00f6chentlichen Meditationsgruppen erh\u00e4ltst du:<\/p>\n\n\n\n<p>Fundierte Anleitungen, Input zu buddhistischer Psychologie, \u00dcbungen zur Selbsterfahrung, achtsamen Austausch, Gemeinschaft (Sangha) und bei Bedarf ein pers\u00f6nliches Mentoring deiner Meditationspraxis.<\/p>\n\n\n\n<p>Vorausetzungen sind ein abgeschlossenes Achtsamkeitstraining, die Offenheit sich mit den Buddh. Weisheitslehren (Dharma) auseinanderzusetzen und die Bereitschaft zu regelm\u00e4ssiger Meditation. Du musst dich aber nicht als &#8222;BuddhistIn&#8220; verstehen.<\/p>\n\n\n\n<p>Im w\u00f6chentlichen Wechsel liegen die <strong>Schwerpunkte der Treffen auf<\/strong>:<\/p>\n\n\n\n<p><strong>A) MEDITATION <\/strong>im Sitzen, Gehen oder Liegen, anschliessend gibt es Tee in entspannter Runde.<\/p>\n\n\n\n<p><strong>B) MEDITATION <\/strong>plus <strong>THEMEN AUS BUDDH. PSYCHOLOGIE<\/strong> und deren praktische Bedeutung f\u00fcr unser Alltagsleben. Hierzu gibt es Vortr\u00e4ge, ggf. auch \u00dcbungen, sowie Tee beim achtsamen Austausch in der Gruppe.<\/p>\n\n\n\n<p>Beide Gruppen (Montags- und Donnerstags-Gruppe) sind zur Zeit voll. Du hast aber die M\u00f6glichkeit, dich auf eine <strong>Warteliste <\/strong>setzen zu lassen.<\/p>\n\n\n\n<p><\/p>\n\n\n\n<p><\/p>\n\n\n\n<div class=\"wp-block-buttons is-layout-flex wp-block-buttons-is-layout-flex\">\n<div class=\"wp-block-button\"><a class=\"wp-block-button__link wp-element-button\" href=\"http:\/\/www.innenraum.net\/wp_innenraum\/kursangebote\/\">&gt; Alle Termine auf einen Blick<\/a><\/div>\n<\/div>\n<\/div>\n\n\n\n<div class=\"wp-block-column is-layout-flow wp-block-column-is-layout-flow\" style=\"flex-basis:40%\">\n<blockquote class=\"wp-block-quote has-text-align-center is-layout-flow wp-block-quote-is-layout-flow\">\n<figure class=\"wp-block-image aligncenter size-full is-resized is-style-rounded is-style-rounded--1\"><img loading=\"lazy\" decoding=\"async\" width=\"1342\" height=\"1416\" src=\"http:\/\/www.innenraum.net\/wp_innenraum\/wp-content\/uploads\/Bodhiblatt.jpg\" alt=\"\" class=\"wp-image-1496\" style=\"object-fit:cover;width:301px;height:auto\" srcset=\"http:\/\/www.innenraum.net\/wp_innenraum\/wp-content\/uploads\/Bodhiblatt.jpg 1342w, http:\/\/www.innenraum.net\/wp_innenraum\/wp-content\/uploads\/Bodhiblatt-569x600.jpg 569w, http:\/\/www.innenraum.net\/wp_innenraum\/wp-content\/uploads\/Bodhiblatt-768x810.jpg 768w\" sizes=\"auto, (max-width: 1342px) 100vw, 1342px\" \/><\/figure>\n\n\n\n<div style=\"height:13px\" aria-hidden=\"true\" class=\"wp-block-spacer\"><\/div>\n\n\n\n<p class=\"has-text-align-center\">Wenn die Pforten der Wahrnehmung gereinigt w\u00e4ren, alles w\u00fcrde dem Menschen so erscheinen, wie es ist \u2013 unendlich.<\/p>\n<cite>William Blake<\/cite><\/blockquote>\n<\/div>\n<\/div>\n","protected":false},"excerpt":{"rendered":"<p>Ruhe- und Einsichtsmeditation Den Geist beruhigen &#8211; das Herz \u00f6ffnen Vi-Passana &#8211; &#8222;Sehen wie die Dinge sind&#8220;. Grundlagen der Vipassana-Meditation sind das Satipatthanna-Sutta sowie das Anapanasati-Sutta. Seit vielen Jahren (seit 2005) gibt es im innenRaum zwei Vipassana-Gruppen: Eine Montagsabends- Gruppe, und eine Donnerstagsvormittags- Gruppe. Diese Gruppen sind Orte der Begegnung, der Inspiration und der Entfaltung [&hellip;]<\/p>\n","protected":false},"author":1,"featured_media":971,"parent":1031,"menu_order":0,"comment_status":"closed","ping_status":"closed","template":"","meta":{"footnotes":""},"class_list":["post-1195","page","type-page","status-publish","has-post-thumbnail","hentry"],"aioseo_notices":[],"_links":{"self":[{"href":"http:\/\/www.innenraum.net\/wp_innenraum\/wp-json\/wp\/v2\/pages\/1195","targetHints":{"allow":["GET"]}}],"collection":[{"href":"http:\/\/www.innenraum.net\/wp_innenraum\/wp-json\/wp\/v2\/pages"}],"about":[{"href":"http:\/\/www.innenraum.net\/wp_innenraum\/wp-json\/wp\/v2\/types\/page"}],"author":[{"embeddable":true,"href":"http:\/\/www.innenraum.net\/wp_innenraum\/wp-json\/wp\/v2\/users\/1"}],"replies":[{"embeddable":true,"href":"http:\/\/www.innenraum.net\/wp_innenraum\/wp-json\/wp\/v2\/comments?post=1195"}],"version-history":[{"count":36,"href":"http:\/\/www.innenraum.net\/wp_innenraum\/wp-json\/wp\/v2\/pages\/1195\/revisions"}],"predecessor-version":[{"id":1976,"href":"http:\/\/www.innenraum.net\/wp_innenraum\/wp-json\/wp\/v2\/pages\/1195\/revisions\/1976"}],"up":[{"embeddable":true,"href":"http:\/\/www.innenraum.net\/wp_innenraum\/wp-json\/wp\/v2\/pages\/1031"}],"wp:featuredmedia":[{"embeddable":true,"href":"http:\/\/www.innenraum.net\/wp_innenraum\/wp-json\/wp\/v2\/media\/971"}],"wp:attachment":[{"href":"http:\/\/www.innenraum.net\/wp_innenraum\/wp-json\/wp\/v2\/media?parent=1195"}],"curies":[{"name":"wp","href":"https:\/\/api.w.org\/{rel}","templated":true}]}}

<h2 class="wp-block-heading">Ruhe- und Einsichtsmeditation</h2>



<div class="wp-block-columns is-layout-flex wp-container-core-columns-is-layout-28f84493 wp-block-columns-is-layout-flex">
<div class="wp-block-column is-layout-flow wp-block-column-is-layout-flow" style="flex-basis:60%">
<p class="has-contrast-2-color has-text-color has-link-color has-large-font-size wp-elements-8d7cd356bba6cbabc47939540744699d"><strong>Den Geist beruhigen &#8211; das Herz öffnen</strong></p>



<p>Vi-Passana &#8211; &#8222;Sehen wie die Dinge sind&#8220;. Grundlagen der Vipassana-Meditation sind das Satipatthanna-Sutta sowie das Anapanasati-Sutta.</p>



<p>Seit vielen Jahren (seit 2005) gibt es im innenRaum zwei Vipassana-Gruppen: Eine <strong>Montagsabends- Gruppe,</strong> und eine<strong> Donnerstagsvormittags- Gruppe.</strong></p>



<p>Diese Gruppen sind Orte der Begegnung, der Inspiration und der Entfaltung des eigenen Meditationsweges. Wir wollen uns darin üben, den Geist hin zu Ruhe (Samatha), Einsicht (Vipassana), Liebe, Mitgefühl und Gleichmut zu richten.</p>



<p>Als Mitglied einer dieser beiden wöchentlichen Meditationsgruppen erhältst du:</p>



<p>Fundierte Anleitungen, Input zu buddhistischer Psychologie, Übungen zur Selbsterfahrung, achtsamen Austausch, Gemeinschaft (Sangha) und bei Bedarf ein persönliches Mentoring deiner Meditationspraxis.</p>



<p>Vorausetzungen sind ein abgeschlossenes Achtsamkeitstraining, die Offenheit sich mit den Buddh. Weisheitslehren (Dharma) auseinanderzusetzen und die Bereitschaft zu regelmässiger Meditation. Du musst dich aber nicht als &#8222;BuddhistIn&#8220; verstehen.</p>



<p>Im wöchentlichen Wechsel liegen die <strong>Schwerpunkte der Treffen auf</strong>:</p>



<p><strong>A) MEDITATION </strong>im Sitzen, Gehen oder Liegen, anschliessend gibt es Tee in entspannter Runde.</p>



<p><strong>B) MEDITATION </strong>plus <strong>THEMEN AUS BUDDH. PSYCHOLOGIE</strong> und deren praktische Bedeutung für unser Alltagsleben. Hierzu gibt es Vorträge, ggf. auch Übungen, sowie Tee beim achtsamen Austausch in der Gruppe.</p>



<p>Beide Gruppen (Montags- und Donnerstags-Gruppe) sind zur Zeit voll. Du hast aber die Möglichkeit, dich auf eine <strong>Warteliste </strong>setzen zu lassen.</p>



<p></p>



<p></p>



<div class="wp-block-buttons is-layout-flex wp-block-buttons-is-layout-flex">
<div class="wp-block-button"><a class="wp-block-button__link wp-element-button" href="http://www.innenraum.net/wp_innenraum/kursangebote/">&gt; Alle Termine auf einen Blick</a></div>
</div>
</div>



<div class="wp-block-column is-layout-flow wp-block-column-is-layout-flow" style="flex-basis:40%">
<blockquote class="wp-block-quote has-text-align-center is-layout-flow wp-block-quote-is-layout-flow">
<figure class="wp-block-image aligncenter size-full is-resized is-style-rounded is-style-rounded--1"><img loading="lazy" decoding="async" width="1342" height="1416" src="http://www.innenraum.net/wp_innenraum/wp-content/uploads/Bodhiblatt.jpg" alt="" class="wp-image-1496" style="object-fit:cover;width:301px;height:auto" srcset="http://www.innenraum.net/wp_innenraum/wp-content/uploads/Bodhiblatt.jpg 1342w, http://www.innenraum.net/wp_innenraum/wp-content/uploads/Bodhiblatt-569x600.jpg 569w, http://www.innenraum.net/wp_innenraum/wp-content/uploads/Bodhiblatt-768x810.jpg 768w" sizes="auto, (max-width: 1342px) 100vw, 1342px" /></figure>



<div style="height:13px" aria-hidden="true" class="wp-block-spacer"></div>



<p class="has-text-align-center">Wenn die Pforten der Wahrnehmung gereinigt wären, alles würde dem Menschen so erscheinen, wie es ist – unendlich.</p>
<cite>William Blake</cite></blockquote>
</div>
</div>

<p>Ruhe- und Einsichtsmeditation Den Geist beruhigen &#8211; das Herz öffnen Vi-Passana &#8211; &#8222;Sehen wie die Dinge sind&#8220;. Grundlagen der Vipassana-Meditation sind das Satipatthanna-Sutta sowie das Anapanasati-Sutta. Seit vielen Jahren (seit 2005) gibt es im innenRaum zwei Vipassana-Gruppen: Eine Montagsabends- Gruppe, und eine Donnerstagsvormittags- Gruppe. Diese Gruppen sind Orte der Begegnung, der Inspiration und der Entfaltung [&hellip;]</p>
