{"id":1161,"date":"2024-04-03T10:03:46","date_gmt":"2024-04-03T08:03:46","guid":{"rendered":"https:\/\/www.kdsgn.de\/wp_innenraum\/?page_id=1161"},"modified":"2024-05-14T17:46:16","modified_gmt":"2024-05-14T17:46:16","slug":"klassische-homoeopathie","status":"publish","type":"page","link":"http:\/\/www.innenraum.net\/wp_innenraum\/therapie\/klassische-homoeopathie\/","title":{"rendered":"Klassische Hom\u00f6opathie"},"content":{"rendered":"\n<div class=\"wp-block-columns is-layout-flex wp-container-core-columns-is-layout-28f84493 wp-block-columns-is-layout-flex\">\n<div class=\"wp-block-column is-layout-flow wp-block-column-is-layout-flow\" style=\"flex-basis:66.66%\">\n<p>Die klassische Hom\u00f6opathie ist eine ganzheitliche Naturheiltherapie, die Krankheit nicht als isoliertes Geschehen betrachtet, sondern sich den Menschen in seiner Gesamtheit anschaut.<\/p>\n\n\n\n<p>So steht zu Beginn einer jeden hom\u00f6opathischen Behandlung ein umfassendes Anamnesegespr\u00e4ch von bis zu 2 Sunden (und manchmal auch mehr). Dabei versuche ich nicht nur die aktuellen Krankheitssymptome zu erfassen, sondern auch alle individuellen Eigenheiten des Menschen und dessen gesamten Hintergrund zu verstehen.<\/p>\n\n\n\n<p>Nach dieser eingehenden Analyse wird ein hom\u00f6opathisches Mittel gew\u00e4hlt, welches m\u00f6glichst passgenau zu den Eigenheiten des Menschen und seiner Lebenssituation steht.<\/p>\n\n\n\n<p>In der Regel ist bei chronischen Leiden eine weitere Konsultation nach etwa 4-6 Wochen erforderlich. Die Kontaktintervalle verl\u00e4ngern sich zunehmend und manchmal reicht ein Telefonkontakt aus. <\/p>\n\n\n\n<p>Die Klass. Hom\u00f6opathie ist f\u00fcr die Behandlung von chronischen sowie akuten Erkrankungen bei Erwachsenen und Kindern gleichermassen geeignet. Durch das hom\u00f6opathisch passende, individuelle Einzelmittel wird die Krankheit nicht unterdr\u00fcckt und eine tiefe, dauerhafte Heilung bewirkt.<\/p>\n\n\n\n<div class=\"wp-block-buttons is-layout-flex wp-block-buttons-is-layout-flex\"><\/div>\n\n\n\n<p><\/p>\n\n\n\n<p><\/p>\n<\/div>\n\n\n\n<div class=\"wp-block-column is-layout-flow wp-block-column-is-layout-flow\" style=\"flex-basis:33.33%\">\n<figure class=\"wp-block-image size-large is-style-rounded is-style-rounded--1\"><img loading=\"lazy\" decoding=\"async\" width=\"1345\" height=\"1920\" src=\"http:\/\/www.innenraum.net\/wp_innenraum\/wp-content\/uploads\/6800376-scaled-1-1345x1920.jpg\" alt=\"\" class=\"wp-image-688\" srcset=\"http:\/\/www.innenraum.net\/wp_innenraum\/wp-content\/uploads\/6800376-scaled-1-1345x1920.jpg 1345w, http:\/\/www.innenraum.net\/wp_innenraum\/wp-content\/uploads\/6800376-scaled-1-420x600.jpg 420w, http:\/\/www.innenraum.net\/wp_innenraum\/wp-content\/uploads\/6800376-scaled-1-768x1097.jpg 768w, http:\/\/www.innenraum.net\/wp_innenraum\/wp-content\/uploads\/6800376-scaled-1-1076x1536.jpg 1076w, http:\/\/www.innenraum.net\/wp_innenraum\/wp-content\/uploads\/6800376-scaled-1-1434x2048.jpg 1434w, http:\/\/www.innenraum.net\/wp_innenraum\/wp-content\/uploads\/6800376-scaled-1.jpg 1793w\" sizes=\"auto, (max-width: 1345px) 100vw, 1345px\" \/><\/figure>\n<\/div>\n<\/div>\n","protected":false},"excerpt":{"rendered":"<p>Die klassische Hom\u00f6opathie ist eine ganzheitliche Naturheiltherapie, die Krankheit nicht als isoliertes Geschehen betrachtet, sondern sich den Menschen in seiner Gesamtheit anschaut. So steht zu Beginn einer jeden hom\u00f6opathischen Behandlung ein umfassendes Anamnesegespr\u00e4ch von bis zu 2 Sunden (und manchmal auch mehr). Dabei versuche ich nicht nur die aktuellen Krankheitssymptome zu erfassen, sondern auch alle [&hellip;]<\/p>\n","protected":false},"author":1,"featured_media":1854,"parent":1029,"menu_order":0,"comment_status":"closed","ping_status":"closed","template":"","meta":{"footnotes":""},"class_list":["post-1161","page","type-page","status-publish","has-post-thumbnail","hentry"],"aioseo_notices":[],"_links":{"self":[{"href":"http:\/\/www.innenraum.net\/wp_innenraum\/wp-json\/wp\/v2\/pages\/1161","targetHints":{"allow":["GET"]}}],"collection":[{"href":"http:\/\/www.innenraum.net\/wp_innenraum\/wp-json\/wp\/v2\/pages"}],"about":[{"href":"http:\/\/www.innenraum.net\/wp_innenraum\/wp-json\/wp\/v2\/types\/page"}],"author":[{"embeddable":true,"href":"http:\/\/www.innenraum.net\/wp_innenraum\/wp-json\/wp\/v2\/users\/1"}],"replies":[{"embeddable":true,"href":"http:\/\/www.innenraum.net\/wp_innenraum\/wp-json\/wp\/v2\/comments?post=1161"}],"version-history":[{"count":4,"href":"http:\/\/www.innenraum.net\/wp_innenraum\/wp-json\/wp\/v2\/pages\/1161\/revisions"}],"predecessor-version":[{"id":1528,"href":"http:\/\/www.innenraum.net\/wp_innenraum\/wp-json\/wp\/v2\/pages\/1161\/revisions\/1528"}],"up":[{"embeddable":true,"href":"http:\/\/www.innenraum.net\/wp_innenraum\/wp-json\/wp\/v2\/pages\/1029"}],"wp:featuredmedia":[{"embeddable":true,"href":"http:\/\/www.innenraum.net\/wp_innenraum\/wp-json\/wp\/v2\/media\/1854"}],"wp:attachment":[{"href":"http:\/\/www.innenraum.net\/wp_innenraum\/wp-json\/wp\/v2\/media?parent=1161"}],"curies":[{"name":"wp","href":"https:\/\/api.w.org\/{rel}","templated":true}]}}