{"id":1113,"date":"2024-03-27T10:30:39","date_gmt":"2024-03-27T09:30:39","guid":{"rendered":"https:\/\/www.kdsgn.de\/wordpress\/?page_id=1113"},"modified":"2024-05-13T13:49:09","modified_gmt":"2024-05-13T13:49:09","slug":"kontakt","status":"publish","type":"page","link":"http:\/\/www.innenraum.net\/wp_innenraum\/kontakt\/","title":{"rendered":"Wo Sie mich finden"},"content":{"rendered":"\n<p>Meine Praxis liegt im sch\u00f6nen Aachener Frankenberger Viertel. Parkpl\u00e4tze mit Parkschein finden Sie direkt vor der T\u00fcr. Bei Anreise mit \u00f6ffentlichen Verkehrsmitteln w\u00e4re die n\u00e4chste Bushaltestelle &#8222;Schlossstra\u00dfe&#8220;. Der Aachener Hauptbahnhof und auch der Bahnhof &#8222;Rote Erde&#8220; liegen beide in fussl\u00e4ufiger Entfernung.<\/p>\n\n\n\n<div style=\"height:25px\" aria-hidden=\"true\" class=\"wp-block-spacer\"><\/div>\n\n\n\n<p><strong>innenRaum<\/strong> \u2013 Praxis f\u00fcr K\u00f6rper und Geist<br>Pema Plagge<\/p>\n\n\n\n<p>Schlossstra\u00dfe 24<br>52066 Aachen<\/p>\n\n\n\n<p>Telefon: +49 241 160 50 17<br>E-Mail: info [at] innenraum.net<\/p>\n\n\n\n<div class=\"wp-block-group is-layout-flow wp-block-group-is-layout-flow\"><p><div class=\"leaflet-map WPLeafletMap\" style=\"height:350px; width:100%;\"><\/div><script>\nwindow.WPLeafletMapPlugin = window.WPLeafletMapPlugin || [];\nwindow.WPLeafletMapPlugin.push(function WPLeafletMapShortcode() {\/*<script>*\/\nvar baseUrl = atob('aHR0cHM6Ly97c30udGlsZS5vcGVuc3RyZWV0bWFwLm9yZy97en0ve3h9L3t5fS5wbmc=');\nvar base = (!baseUrl && window.MQ) ?\n    window.MQ.mapLayer() : L.tileLayer(baseUrl,\n        L.Util.extend({}, {\n            detectRetina: 0,\n        },\n        {\"subdomains\":\"abc\",\"noWrap\":false,\"maxZoom\":19}        )\n    );\n    var options = L.Util.extend({}, {\n        layers: [base],\n        attributionControl: false\n    },\n    {\"zoomControl\":true,\"scrollWheelZoom\":false,\"doubleClickZoom\":false,\"fitBounds\":false,\"minZoom\":0,\"maxZoom\":19,\"maxBounds\":null,\"attribution\":\"<a href=\\\"http:\\\/\\\/leafletjs.com\\\" title=\\\"Eine Javascript-Bibliothek f\\u00fcr interaktive Karten\\\">Leaflet<\\\/a>; \\u00a9 <a href=\\\"http:\\\/\\\/www.openstreetmap.org\\\/copyright\\\">OpenStreetMap<\\\/a> Mitwirkende\"},\n    {});\nwindow.WPLeafletMapPlugin.createMap(options).setView([50.768872985128,6.1019611358643],14);});<\/script><br \/>\n<script>\nwindow.WPLeafletMapPlugin = window.WPLeafletMapPlugin || [];\nwindow.WPLeafletMapPlugin.push(function WPLeafletMarkerShortcode() {\/*<script>*\/\nvar map = window.WPLeafletMapPlugin.getCurrentMap();\nvar group = window.WPLeafletMapPlugin.getCurrentGroup();\nvar marker_options = window.WPLeafletMapPlugin.getIconOptions({});\nvar marker = L.marker(\n    [50.768697271607,6.1014407873154],\n    marker_options\n);\nvar is_image = map.is_image_map;\nif (marker_options.draggable) {\n    marker.on('dragend', function () {\n        var latlng = this.getLatLng();\n        var lat = latlng.lat;\n        var lng = latlng.lng;\n        if (is_image) {\n            console.log('leaflet-marker y=' + lat + ' x=' + lng);\n        } else {\n            console.log('leaflet-marker lat=' + lat + ' lng=' + lng);\n        }\n    });\n}\nmarker.addTo( group );\nwindow.WPLeafletMapPlugin.markers.push( marker );\n        });<\/script><\/p>\n<\/div>\n","protected":false},"excerpt":{"rendered":"<p>Meine Praxis liegt im sch\u00f6nen Aachener Frankenberger Viertel. Parkpl\u00e4tze mit Parkschein finden Sie direkt vor der T\u00fcr. Bei Anreise mit \u00f6ffentlichen Verkehrsmitteln w\u00e4re die n\u00e4chste Bushaltestelle &#8222;Schlossstra\u00dfe&#8220;. Der Aachener Hauptbahnhof und auch der Bahnhof &#8222;Rote Erde&#8220; liegen beide in fussl\u00e4ufiger Entfernung. innenRaum \u2013 Praxis f\u00fcr K\u00f6rper und GeistPema Plagge Schlossstra\u00dfe 2452066 Aachen Telefon: +49 241 [&hellip;]<\/p>\n","protected":false},"author":1,"featured_media":1472,"parent":0,"menu_order":0,"comment_status":"closed","ping_status":"closed","template":"","meta":{"footnotes":""},"class_list":["post-1113","page","type-page","status-publish","has-post-thumbnail","hentry"],"aioseo_notices":[],"_links":{"self":[{"href":"http:\/\/www.innenraum.net\/wp_innenraum\/wp-json\/wp\/v2\/pages\/1113","targetHints":{"allow":["GET"]}}],"collection":[{"href":"http:\/\/www.innenraum.net\/wp_innenraum\/wp-json\/wp\/v2\/pages"}],"about":[{"href":"http:\/\/www.innenraum.net\/wp_innenraum\/wp-json\/wp\/v2\/types\/page"}],"author":[{"embeddable":true,"href":"http:\/\/www.innenraum.net\/wp_innenraum\/wp-json\/wp\/v2\/users\/1"}],"replies":[{"embeddable":true,"href":"http:\/\/www.innenraum.net\/wp_innenraum\/wp-json\/wp\/v2\/comments?post=1113"}],"version-history":[{"count":2,"href":"http:\/\/www.innenraum.net\/wp_innenraum\/wp-json\/wp\/v2\/pages\/1113\/revisions"}],"predecessor-version":[{"id":1795,"href":"http:\/\/www.innenraum.net\/wp_innenraum\/wp-json\/wp\/v2\/pages\/1113\/revisions\/1795"}],"wp:featuredmedia":[{"embeddable":true,"href":"http:\/\/www.innenraum.net\/wp_innenraum\/wp-json\/wp\/v2\/media\/1472"}],"wp:attachment":[{"href":"http:\/\/www.innenraum.net\/wp_innenraum\/wp-json\/wp\/v2\/media?parent=1113"}],"curies":[{"name":"wp","href":"https:\/\/api.w.org\/{rel}","templated":true}]}}